p?
2, 3, 5
Suppose 0 = 16*i - 1712 - 624. List the prime factors of i.
2, 73
Let j = 983 + -325. What are the prime factors of j?
2, 7, 47
Let v = -464 - -737. What are the prime factors of v/6 - (-21)/14?
47
Suppose 2*c + c = -4*y - 2, c + y = 0. Let r(h) = 2*h**3 + 2*h**2 + 1. Let f be r(c). Let o = f + -18. List the prime factors of o.
7
Suppose -43*y + 18*y + 575 = 0. List the prime factors of y.
23
Let n(y) be the second derivative of -2*y**3/3 - 3*y**2 + 2*y. Let d be n(-7). Suppose d = t + 7. List the prime factors of t.
3, 5
Let z(m) = 9*m - 24. Let b be z(3). Let f(p) = -p + 6. Let i be f(6). Suppose -b*s + 23 + 58 = i. What are the prime factors of s?
3
Let c be 4/(-6) - (-4)/6. Let v(h) = c - 2*h + 4*h + h + 1. List the prime factors of v(3).
2, 5
Let u = 0 - -3. Suppose 0 = 2*v - u*v. Suppose -3*g = -v*g - 54. What are the prime factors of g?
2, 3
Suppose 4*x - 10*q - 13624 = -9*q, -4*q = 5*x - 17051. What are the prime factors of x?
3407
Suppose 4*v = 3*m + 400, 0 = -0*v + v - 3*m - 100. What are the prime factors of v?
2, 5
Suppose -17*f - 516 = -19*f. List the prime factors of f.
2, 3, 43
Suppose -6*n + n = -875. Let x = -90 + n. List the prime factors of x.
5, 17
Suppose 56 - 20 = 4*y. Suppose -4*t - 3*h - h = -12, 0 = 4*t + 3*h - 15. Suppose -r = -y - t. List the prime factors of r.
3, 5
Let u = 739 - 521. Let a = u + -96. What are the prime factors of a?
2, 61
Let b = -333 - -327. Let w(u) = -3 - 6*u + 0 - 7. What are the prime factors of w(b)?
2, 13
Let l(z) be the third derivative of 11*z**5/20 + z**4/6 + z**3/2 - 11*z**2. What are the prime factors of l(-2)?
127
List the prime factors of (-52)/286 + ((-30636)/33)/(-2).
2, 29
Let g be 30/80 - (-221)/8. What are the prime factors of g*(((-204)/(-16))/3 - 3)?
5, 7
Let t(n) be the third derivative of n**4/24 + 3*n**3/2 + 8*n**2. Let v be t(5). Let k = -8 + v. List the prime factors of k.
2, 3
Let n be ((-2607)/44)/(3/(-56)). Suppose 7*x = n - 210. List the prime factors of x.
2
Suppose 0 = o + 2*p - 982, 5*p - 4844 = -4*o - 925. What are the prime factors of o?
2, 61
Let b = 94 - 153. Let i = b - -114. What are the prime factors of i?
5, 11
Let k = -1 - -73. Suppose 3*x - 53 = 4*o, 0*o - 2*x = 5*o + k. List the prime factors of (-2)/(-7) - 122/o.
3
Suppose 5*d = -33 - 92. Suppose 4*t + 45 = 5*b, -3*t - 2*b - 10 = t. What are the prime factors of 3/t + (-840)/d?
3, 11
What are the prime factors of 17 + 620/(-40) - (-4617)/2?
2, 3, 5, 7, 11
Let d(x) = x**2 - 9*x + 491. What are the prime factors of d(27)?
977
Let v(n) = 2*n**2 - 29*n - 53. What are the prime factors of v(-32)?
37, 79
Let c = -32 - -32. Suppose -7*m + 735 + 315 = c. What are the prime factors of m?
2, 3, 5
Let h = 6 + -3. Suppose 0 = -2*w + j + 2, 4*w + 3*j - 4 = 6*j. What are the prime factors of ((-9)/(-1))/h - w?
2
Let o be (-29)/(-5) - (-10)/50. Suppose -o = -3*q - 2*p, 2*p = 4*p - 6. Suppose 4*i - 3*g = 108, q*i + 4*g = -i + 46. What are the prime factors of i?
2, 3, 5
Let l(w) = w**3 - 3*w**2 + 4*w - 9. Let g be l(3). Suppose -g*i + 19 = -44. List the prime factors of i.
3, 7
Suppose 5*s - 22 = 4*a, 4*s + a - 2 = -a. Suppose -y + 25 = -2*t + 3*t, 92 = 4*y + s*t. Suppose -j + y = 3. What are the prime factors of j?
2, 3
Let d(p) = 73*p + 3. Suppose -5*c + s + 2 = 0, -2*s + 11 - 2 = 3*c. List the prime factors of d(c).
2, 19
Let c(j) = -j + 6 + j - j + 6. Let r be c(13). Let v = 7 + r. List the prime factors of v.
2, 3
Let j(r) = r**2 - 57*r - 154. List the prime factors of j(-47).
2, 3, 263
Let z(t) = -10*t - 6 + 9*t**2 + t**3 - 2 - t - 2*t. What are the prime factors of z(-10)?
2, 11
Suppose -d + 1 = 2*f - 0, 5*f + 10 = -5*d. What are the prime factors of 1*(-2)/d + (-37167)/(-195)?
191
Let o be (8/(-16))/(2/(-24)). Suppose -o*j + j = 0. Suppose j = 3*v - 77 - 16. List the prime factors of v.
31
Let y(i) = 14*i + 155. What are the prime factors of y(3)?
197
Let h = 4686 - 3054. List the prime factors of h.
2, 3, 17
Suppose -2*k + 340 = -5*r + 841, 3*r + 4*k = 285. Suppose 3*a - 54 = r. Suppose 9*p = 8*p + a. What are the prime factors of p?
3, 17
Let z(c) = c**2 - 33*c - 551. List the prime factors of z(58).
29, 31
List the prime factors of (-991)/((-7)/(-1) - 8).
991
Suppose -64 = 6*u - 2*u. Let f = u + 24. Suppose 9*a = f*a + 2. List the prime factors of a.
2
Let q(j) = -2*j**2 + 5*j + 6. Let d be q(6). Let k = 841 + -814. List the prime factors of (-210)/4*d/k.
2, 5, 7
Suppose 3*f - 3*p - 723 = 0, 0 + 12 = -4*p. Suppose -2*l = 2*s + 3*l - f, l = -s + 119. What are the prime factors of s?
7, 17
Let o(s) = s**3 + 17*s**2 - 8*s - 14. What are the prime factors of o(-16)?
2, 5, 37
Let f(n) = 10*n**3 + n**2 + 5*n + 6. List the prime factors of f(3).
2, 3, 5
Let q(w) = -w**2 + w - 1. Let i(t) = 2*t**2 + 16*t - 9. Let f(p) = -i(p) - q(p). List the prime factors of f(-13).
2, 31
Suppose d + 4 = 0, 15*d = -5*j + 19*d + 6301. What are the prime factors of j?
3, 419
Suppose -f + 1259 = 3*k, -3*f - 10*k + 15*k = -3805. List the prime factors of f.
5, 11, 23
Suppose -2*l - 3*g + 2597 = 0, l - 5*g = 927 + 391. List the prime factors of l.
1303
Let v(t) = -2 + 11*t + 16 - 3. What are the prime factors of v(6)?
7, 11
Suppose 4*s = -3*f + 962, 3*s - 4*f + 3*f - 715 = 0. What are the prime factors of s?
239
Suppose 4*w - 3*o - 1 - 4 = 0, -2*w + 5 = o. Suppose w*y + 5*y = 322. What are the prime factors of y?
2, 23
What are the prime factors of 100*5/(40/94)?
5, 47
Suppose -7*p = 3 - 38. List the prime factors of 953/p - (-20)/50.
191
Let k(g) = -g**3 + g**2 - 2*g + 144. Suppose 3*t + 3*a - 3 = 0, 0 = -5*t + 5*a - 2 - 3. What are the prime factors of k(t)?
2, 3
Suppose 6*f - 591 = -159. What are the prime factors of (f/(-21))/(2/(-7)*1)?
2, 3
Let h = -36 - -45. Suppose h*b - 128 = 5*b. What are the prime factors of b?
2
Let w(r) = 3*r**2 + 5*r + 12. Let g be w(-11). Suppose 18*c - 20*c = -g. List the prime factors of c.
2, 5
Suppose -k = -4*g - 1163 + 4148, 4*k = -20. List the prime factors of g.
5, 149
Let q(n) = n**2 + 3*n + 8. Let u = 26 + -31. List the prime factors of q(u).
2, 3
Suppose 1720 = 5*q + 4*m, -3*q + 5*m + 480 + 552 = 0. What are the prime factors of q?
2, 43
Let m(o) = 2*o**2 - 4 + 3 + 6 + 16*o. What are the prime factors of m(-11)?
71
Suppose 0 = 16*w - 662 - 3690. What are the prime factors of w?
2, 17
Suppose 10 = 5*j, 5*j = 2*n - 397 - 149. List the prime factors of n.
2, 139
Let g(k) = -k**3 + 55*k**2 + 32*k + 36. What are the prime factors of g(55)?
2, 449
Let w(y) = 16*y**2 + 18*y - 6. List the prime factors of w(-6).
2, 3, 7, 11
Suppose -17 = -3*k - 5*h, 2*k + h = k + 5. Suppose c + k - 123 = 0. List the prime factors of c.
7, 17
Suppose 1 = -2*f - 17. Let c be 19 - 3*(-6)/f. Suppose -v = -c + 3. What are the prime factors of v?
2, 7
Suppose 76 - 6 = t. Suppose 3*w = 28 - t. Let a(o) = -3*o - 17. What are the prime factors of a(w)?
5
Let z(b) = 11*b**3 + 2*b**2 + 4*b - 3. Let l be z(3). Suppose -2*x + l = 94. Suppose -8*i + 3*i = -x. List the prime factors of i.
23
Let p(s) = 7*s**2 + 38*s - 29. List the prime factors of p(-15).
2, 61
Suppose 4*c + 11 = 7. List the prime factors of (c/4*-33)/((-6)/(-32)).
2, 11
Suppose -12*z = -9*z - 5*d - 6672, 0 = -z - 2*d + 2224. What are the prime factors of z?
2, 139
Let n be (-8)/(-4)*(-14)/(-4). Let h = n - 17. Let c = h + 17. What are the prime factors of c?
7
Let v = 148 + -138. Suppose -n + 4*s + v = -105, -4*n + 3*s + 512 = 0. What are the prime factors of n?
131
What are the prime factors of ((-1234)/(-12))/(22/264)?
2, 617
Suppose -71 = -5*l + 104. Let p = 51 - l. What are the prime factors of p?
2
Let x be ((-24)/(-2))/((-192)/(-256)). Let z = -10 - -7. Let u = x + z. List the prime factors of u.
13
Let y(u) be the second derivative of 2*u**4/3 - u**2/2 + 10*u - 3. Suppose 7*z - 4*z = -5*o - 4, -3*z = -o + 10. List the prime factors of y(o).
7
Suppose -a + 7*a = 702. List the prime factors of a.
3, 13
Let q = 43 - 11. Let z = q - -17. What are the prime factors of z?
7
Let g(b) = -784*b**2 - 17*b**3 - 14*b**3 + 783*b**2 + 1. Let o be g(-1). Suppose 0 = 3*a - 14 - o. List the prime factors of a.
3, 5
List the prime factors of (-246)/(-30)*71 + (-2)/10.
2, 3, 97
Suppose -5*p - 5 = 0, -4*p = -4*s - 9 + 49. Suppose x - s = -1. Suppose -70 = -x*o + 3*